 k = -14 + 24. Let t(p) = 7*p + 64. What is the tens digit of t(k)?
3
Let n = 100 + -79. Let u(o) = -o**2 - 12 - n*o - 2*o**2 + 2*o**2. What is the tens digit of u(-10)?
9
Suppose 29 = 3*v - 103. Suppose y = 19 + v. Let z = 17 + y. What is the units digit of z?
0
Suppose -5*a + 27 = 2*y, 5*y - 6 + 1 = 0. Suppose -2213 = -4*o - 3*g, -a*o - 470 = -4*g - 3275. What is the units digit of o?
7
Suppose v - 32 = 17*v. What is the hundreds digit of ((-1)/v)/((-7)/(-3906))?
2
Suppose -144*l + 147*l - 2466 = 4*s, -2*s = 5*l - 4110. What is the tens digit of l?
2
Suppose -43*j + 224*j + 398349 = 2822844. What is the hundreds digit of j?
3
Let m = 137 + -419. Let u = m + 745. What is the hundreds digit of u?
4
Let a = 374 + 486. Let o = a + -328. What is the tens digit of o?
3
Suppose -42*f - 56*f = -393372. What is the hundreds digit of f?
0
Let o = 62 + 44. Let i = o - 90. Let v = i - -20. What is the tens digit of v?
3
What is the units digit of ((-245)/434 - (-14)/217) + (-21110)/(-4)?
7
Let q(g) = g**2 - 16*g + 52. Let o be q(10). What is the tens digit of (-204)/o*92/6?
9
Suppose 4*q - 1349 = -4*s + 2743, 0 = -5*s + 5*q + 5165. Let u = s - 539. What is the units digit of u?
9
Let w be (-7 + 2 - -13) + 338. Suppose -340*s - 3270 = -w*s. What is the units digit of s?
5
Suppose 29*l + 48*l + 11*l = 585024. What is the hundreds digit of l?
6
Suppose d + 1 = -4*o - 13, -d + o + 6 = 0. Let t be -1*(3 - (-1 - -14)) + d. Let n = 168 - t. What is the hundreds digit of n?
1
Let f = -102 - -171. Suppose -66*m = -f*m + 2376. Suppose -m = 7*x - 11*x. What is the hundreds digit of x?
1
Suppose -4*a = -4*w - 0*a + 208, -4*w + 163 = 5*a. Suppose -5*y = -3*v - 4784, 3826 = -w*y + 51*y - 3*v. What is the tens digit of y?
5
Let j(k) = -5*k**2 + 45*k - 17. Let f be j(8). Suppose 0 = f*g - 47*g + 10728. What is the hundreds digit of g?
4
What is the hundreds digit of 128/832 - (-15039)/13?
1
Let k be ((-6)/(-10))/((-37)/(-185)). Suppose -1551 = -6*g + 3*g + k*a, 5*a = -3*g + 1527. What is the units digit of g?
4
Let n(k) = 10435*k**2 - 52*k - 52. What is the tens digit of n(-1)?
3
Let u = 18294 + -9469. What is the hundreds digit of u?
8
Let m(y) = -1727*y + 106. Let p be m(-4). Suppose 37*v + p = 44*v. What is the thousands digit of v?
1
Suppose 0 = z + 4*s - 46 - 27, -5*z + 4*s = -341. Let y = z + -47. Let r(b) = b**3 - 21*b**2 - 15*b + 28. What is the units digit of r(y)?
2
Let g be -5*6/(-10) - -1151. Let y = -535 + g. What is the tens digit of y?
1
Suppose 0 = -3*g + d + 143040, -5*d + 143049 = 3*g - 9*d. What is the thousands digit of g?
7
Let k(z) = 52*z**2 + 15*z + 14. Suppose 7*f = -7 - 21. What is the hundreds digit of k(f)?
7
Suppose 10231*r = 10241*r - 30400. What is the hundreds digit of r?
0
Suppose -4*o - 8 = 0, -b - o + 6655 = -8*o. What is the thousands digit of b?
6
What is the units digit of 1 + 21074 + (16 + -21 - 2)?
8
Suppose -3*s - 2 = 10, -2*x + s = -40. Suppose -x*u = -8361 - 17595. What is the hundreds digit of u?
4
Let j(t) = t - 16. Let g be j(8). Let l = g + 13. Suppose 0 = 4*c - l*b + b - 364, 2*c + b = 188. What is the tens digit of c?
9
Suppose -5*z + 199977 = 1621*d - 1624*d, -4*d + 199984 = 5*z. What is the thousands digit of z?
9
Let y(w) = 47*w - 35. Let u be y(8). Let f = u + 200. What is the units digit of f?
1
Suppose 131*o = 129*o - 14, -5*v + 53585 = -5*o. What is the units digit of v?
0
What is the units digit of 634 - 14/(-14)*4?
8
Let i = 18554 - -7015. What is the units digit of i?
9
Suppose -16 + 24 = 4*n. Suppose -12 = -n*i + 540. Suppose 5*w - 173 = -4*r + 31, w = -5*r + i. What is the tens digit of r?
5
Let p = -15306 - -41652. What is the tens digit of p?
4
Suppose 5*m + 3*k = 108, m + 5*k + 12 - 38 = 0. Suppose 3*a - w + 2*w = -15, -3*w + m = -2*a. Let r(y) = -19*y + 26. What is the tens digit of r(a)?
4
Suppose 5*h - 1 = -d + 9, 5*d + 6 = 3*h. Suppose 22*p = 24*p - h. What is the tens digit of (2 + p)*((-62)/(-6) - 1)?
2
Suppose 0 = 58*o - 62*o + 3972. Let g = o - 565. What is the hundreds digit of g?
4
Let x = 108 - -281. Suppose -29*s - 12 = -x. What is the tens digit of s?
1
Let n(w) = -584*w + 10. Let v(k) = 2*k - 25. Let y be v(12). What is the units digit of n(y)?
4
Let m(p) = p**3 - 6*p - 5. Let k be m(-2). Suppose 0*l - 3*l - 1527 = 3*y, -2*y + 5*l = 983. What is the units digit of k/(-2) - y/16?
2
Let n = -231 + 592. Let l be (-6 + 3)/((-3)/12 - 0). Suppose -l*m + n + 959 = 0. What is the units digit of m?
0
Let j be 20/(-25)*-5 + -2. Suppose 0 = 2*t, -j*x + 14 = 4*t - 7*t. Suppose -i + 57 = 3*m, 2*m = -i + x*m + 49. What is the tens digit of i?
5
Suppose -2*y - 8*c + 4374 = -13*c, -8772 = -4*y + 4*c. What is the hundreds digit of y?
1
What is the hundreds digit of 21150 - (9*34/(-1377) - 58/(-18))?
1
Let f be (-2 + 21)*5*(3 + 0). Let b = f - 223. What is the units digit of b?
2
Suppose 488 = -3*j + 13901. What is the thousands digit of j?
4
Suppose -4*h - 2*q = 3*q - 112, 62 = 2*h + q. Suppose 0 = -28*i + h*i - 20. What is the hundreds digit of ((-987)/(-14))/(2/i)?
1
Let v be 193*(-2)/(-6)*3. Let u be 63588/196 - 3/7. Let b = u - v. What is the units digit of b?
1
Suppose -19*u = -44844 - 30092. What is the units digit of u?
4
Suppose -4*s + 12 = 4*g, s - 17 = -4*g + 2*s. Suppose 576 = -g*m + 116. Let v = -39 - m. What is the units digit of v?
6
Suppose 0 = -2*x + 3*y + 731, -3*x - y = -1403 + 290. Suppose 3*h - h = 3*s + 741, h - 2*s - x = 0. What is the tens digit of h?
7
What is the hundreds digit of 4 + 20*(-12516)/(-48)?
2
Let q(w) = -w**2 - 8*w - 2. Let t be q(-7). Suppose 0 = p - t*s + 238 + 2105, 0 = -2*p - 5*s - 4671. What is the hundreds digit of 3/(-2)*p/21?
1
Let k = 2299 - -865. What is the units digit of k?
4
Suppose -4*q - 5*x + 7*x = -34, 4*q = x + 39. Suppose 3*o + 12*l = q*l + 1425, 4*l = -o + 464. What is the hundreds digit of o?
4
Let z(i) = i**3 - 72*i**2 - 173*i + 156. What is the thousands digit of z(75)?
4
Let f(h) = -h**3 + 50*h**2 - 72*h - 78. What is the hundreds digit of f(14)?
9
Let x(u) = 39*u**2 - 97*u - 3471. What is the units digit of x(-30)?
9
Let p(g) = -3*g**3 + 26*g**2 + 100*g - 29. What is the units digit of p(-14)?
9
Let y(c) = -892*c**2 + 19*c - 20. Let x be y(1). What is the hundreds digit of 8 + 0 + -6 - x?
8
Suppose -83*n + 224*n - 6393632 = -83*n. What is the hundreds digit of n?
5
Suppose 51*f + 37949 = 4*j + 54*f, 3*j - 11*f = 28369. What is the units digit of j?
2
Suppose -5*w + 90 + 197 = -n, -4*n - 1114 = -3*w. Let y = n - -429. What is the tens digit of y?
5
Let t be (6054/(-12) - 4)*(-11 + 3). Suppose -26*m + t = -22*m. What is the thousands digit of m?
1
Suppose -4*a - 28*g + 68944 = -26*g, 0 = -a + 4*g + 17263. What is the units digit of a?
9
Let f(d) = -8*d - 18 + 14*d - 3*d. Let q be f(7). Let u(a) = 8*a**2 + 2*a - 4. What is the units digit of u(q)?
4
Suppose 5*d = 5*u - 153010, -u - 2*d = 3914 - 34504. What is the hundreds digit of u?
5
Suppose 12*n + 40 = 2*n. Let l(a) = -31*a + 2. What is the units digit of l(n)?
6
Let a = -3347 - -15546. What is the units digit of a?
9
Suppose -x + 7*d - 4*d = -795, 5*x - 3915 = -5*d. Suppose -16*m + 19*m - x = 0. What is the hundreds digit of m?
2
Let v = -27197 + 51861. What is the ten thousands digit of v?
2
Let n(d) = d**3 - 54*d**2 + 403*d + 85. Let r be n(45). Let k(y) = 1 + 1 + 0 - 26*y. What is the units digit of k(r)?
2
Let m(g) = -g**3 - 15*g**2 - 28*g - 29. Let i be m(-17). Suppose -i = -93*j + 92*j. What is the hundreds digit of j?
0
Let h(a) = -a**3 + 8*a**2 - 6*a - 3. Let p be (1 + 1)*(-21)/(-6). Let v be h(p). Suppose -v*q + 25 = q. What is the units digit of q?
5
Let s = 5722 + -2141. What is the units digit of s?
1
Let c = -366 + 628. Suppose -t - 257 = -3*v - 61, -4*v + c = -t. Let r = v - -53. What is the units digit of r?
9
Suppose 1090*k - 42879 = 1085*k + 2*y, -42891 = -5*k - 2*y. What is the thousands digit of k?
8
Suppose 0 = 2*k + 2*v + 2 + 10, 0 = -3*k + 3*v - 18. Let u be ((-20)/k)/(2/9). What is the units digit of 54*2/18*u?
0
Let p(x) = -239*x**3 + 2*x**2 + 43*x + 229. What is the tens digit of p(-5)?
3
Let w be 25484/46 - (-2 - 1 - -2). Suppose -i - 30 = -d + 108, -4*d + i + w = 0. What is the tens digit of d?
3
Let v(u) = u + 11. Let i be v(-16). Let r(d) = -d**2 - 3*d - 10. Let t